{"id":88,"date":"2010-06-07T12:54:45","date_gmt":"2010-06-07T16:54:45","guid":{"rendered":"http:\/\/comunicaciones.udd.cl\/mediatica\/files\/2009\/11\/Presentaci\u00f3n-Medi\u00e1tica.pdf"},"modified":"2010-06-07T12:54:45","modified_gmt":"2010-06-07T16:54:45","slug":"presentacion-mediatica","status":"inherit","type":"attachment","link":"https:\/\/comunicaciones.udd.cl\/mediatica\/noticias\/2009\/11\/25\/la-loca-carrera-presidencial-seminario-politico-lado-b\/presentacion-mediatica\/","title":{"rendered":"Presentaci\u00f3n Medi\u00e1tica"},"author":1,"featured_media":0,"comment_status":"open","ping_status":"open","template":"","meta":[],"class_list":["post-88","attachment","type-attachment","status-inherit","hentry"],"description":{"rendered":"<p class=\"attachment\"><a href='https:\/\/comunicaciones.udd.cl\/mediatica\/files\/2009\/11\/Presentaci\u00f3n-Medi\u00e1tica.pdf'>Presentaci\u00f3n Medi\u00e1tica<\/a><\/p>\n"},"caption":{"rendered":"<p>Presentaci\u00f3n Medi\u00e1tica<\/p>\n"},"alt_text":"","media_type":"file","mime_type":"application\/pdf","media_details":{},"post":23,"source_url":"https:\/\/comunicaciones.udd.cl\/mediatica\/files\/2009\/11\/Presentaci\u00f3n-Medi\u00e1tica.pdf","_links":{"self":[{"href":"https:\/\/comunicaciones.udd.cl\/mediatica\/wp-json\/wp\/v2\/media\/88","targetHints":{"allow":["GET"]}}],"collection":[{"href":"https:\/\/comunicaciones.udd.cl\/mediatica\/wp-json\/wp\/v2\/media"}],"about":[{"href":"https:\/\/comunicaciones.udd.cl\/mediatica\/wp-json\/wp\/v2\/types\/attachment"}],"author":[{"embeddable":true,"href":"https:\/\/comunicaciones.udd.cl\/mediatica\/wp-json\/wp\/v2\/users\/1"}],"replies":[{"embeddable":true,"href":"https:\/\/comunicaciones.udd.cl\/mediatica\/wp-json\/wp\/v2\/comments?post=88"}],"wp:attached-to":[{"embeddable":true,"post_type":"post","id":23,"href":"https:\/\/comunicaciones.udd.cl\/mediatica\/wp-json\/wp\/v2\/posts\/23"}],"curies":[{"name":"wp","href":"https:\/\/api.w.org\/{rel}","templated":true}]}}

http://comunicaciones.udd.cl/mediatica/files/2009/11/Presentación-Mediática.pdf

Presentación Mediática

<p class="attachment"><a href='https://comunicaciones.udd.cl/mediatica/files/2009/11/Presentación-Mediática.pdf'>Presentación Mediática</a></p>

<p>Presentación Mediática</p>

https://comunicaciones.udd.cl/mediatica/files/2009/11/Presentación-Mediática.pdf
