{"id":22,"date":"2025-02-24T10:24:23","date_gmt":"2025-02-24T13:24:23","guid":{"rendered":"https:\/\/comunicaciones.udd.cl\/ceca\/?page_id=22"},"modified":"2025-04-09T15:58:21","modified_gmt":"2025-04-09T19:58:21","slug":"mision-y-vision","status":"publish","type":"page","link":"https:\/\/comunicaciones.udd.cl\/ceca\/mision-y-vision\/","title":{"rendered":"Misi\u00f3n y Visi\u00f3n"},"content":{"rendered":"\n<figure class=\"wp-block-image alignright size-large is-resized is-style-default\"><img loading=\"lazy\" decoding=\"async\" width=\"2560\" height=\"1921\" src=\"https:\/\/comunicaciones.udd.cl\/ceca\/files\/2025\/04\/pexels-cottonbro-6209558-edited-scaled.jpg\" alt=\"\" class=\"wp-image-326\" style=\"width:482px;height:auto\" srcset=\"https:\/\/comunicaciones.udd.cl\/ceca\/files\/2025\/04\/pexels-cottonbro-6209558-edited-scaled.jpg 2560w, https:\/\/comunicaciones.udd.cl\/ceca\/files\/2025\/04\/pexels-cottonbro-6209558-edited-300x225.jpg 300w, https:\/\/comunicaciones.udd.cl\/ceca\/files\/2025\/04\/pexels-cottonbro-6209558-edited-1024x768.jpg 1024w, https:\/\/comunicaciones.udd.cl\/ceca\/files\/2025\/04\/pexels-cottonbro-6209558-edited-768x576.jpg 768w, https:\/\/comunicaciones.udd.cl\/ceca\/files\/2025\/04\/pexels-cottonbro-6209558-edited-1536x1153.jpg 1536w, https:\/\/comunicaciones.udd.cl\/ceca\/files\/2025\/04\/pexels-cottonbro-6209558-edited-2048x1537.jpg 2048w\" sizes=\"auto, (max-width: 2560px) 100vw, 2560px\" \/><\/figure>\n\n\n\n<p>El Centro de Estudios de Comunicaci\u00f3n Aplicada CECA tiene como misi\u00f3n incentivar la colaboraci\u00f3n, calidad y visibilidad de la investigaci\u00f3n acad\u00e9mica en estudios de comunicaci\u00f3n aplicada y contribuir al impacto de proyectos con transferencia en relaci\u00f3n a la del ecosistema medi\u00e1tico, as\u00ed como los desaf\u00edos \u00e9ticos, usos de los datos, contribuci\u00f3n de los bienes p\u00fablicos y sociales, ciudadan\u00eda digital e innovaci\u00f3n de nuevas metodolog\u00edas en sus diversas l\u00edneas de investigaci\u00f3n.<\/p>\n\n\n\n<p>Nuestra visi\u00f3n es ser reconocidos a nivel nacional e internacional como un centro de estudios que contribuye al desarrollo y evoluci\u00f3n, de una visi\u00f3n sist\u00e9mica e integrada de las comunicaciones, incorporando las distintas \u00e1reas de conocimiento que permiten generar una comunicaci\u00f3n efectiva, democr\u00e1tica y con sentido social.<\/p>\n","protected":false},"excerpt":{"rendered":"<p>El Centro de Estudios de Comunicaci\u00f3n Aplicada CECA tiene como misi\u00f3n incentivar la colaboraci\u00f3n, calidad y visibilidad de la investigaci\u00f3n acad\u00e9mica en estudios de comunicaci\u00f3n aplicada y contribuir al impacto de proyectos con transferencia en relaci\u00f3n a la del ecosistema medi\u00e1tico, as\u00ed como los desaf\u00edos \u00e9ticos, usos de los datos, contribuci\u00f3n de los bienes p\u00fablicos [&hellip;]<\/p>\n","protected":false},"author":21,"featured_media":0,"parent":0,"menu_order":0,"comment_status":"closed","ping_status":"closed","template":"","meta":{"footnotes":""},"class_list":["post-22","page","type-page","status-publish","hentry"],"yoast_head":"<!-- This site is optimized with the Yoast SEO plugin v26.9 - https:\/\/yoast.com\/product\/yoast-seo-wordpress\/ -->\n<title>Misi\u00f3n y Visi\u00f3n - CECA - Facultad de Comunicaciones UDD<\/title>\n<meta name=\"robots\" content=\"index, follow, max-snippet:-1, max-image-preview:large, max-video-preview:-1\" \/>\n<link rel=\"canonical\" href=\"https:\/\/comunicaciones.udd.cl\/ceca\/mision-y-vision\/\" \/>\n<meta property=\"og:locale\" content=\"es_ES\" \/>\n<meta property=\"og:type\" content=\"article\" \/>\n<meta property=\"og:title\" content=\"Misi\u00f3n y Visi\u00f3n - CECA - Facultad de Comunicaciones UDD\" \/>\n<meta property=\"og:description\" content=\"El Centro de Estudios de Comunicaci\u00f3n Aplicada CECA tiene como misi\u00f3n incentivar la colaboraci\u00f3n, calidad y visibilidad de la investigaci\u00f3n acad\u00e9mica en estudios de comunicaci\u00f3n aplicada y contribuir al impacto de proyectos con transferencia en relaci\u00f3n a la del ecosistema medi\u00e1tico, as\u00ed como los desaf\u00edos \u00e9ticos, usos de los datos, contribuci\u00f3n de los bienes p\u00fablicos [&hellip;]\" \/>\n<meta property=\"og:url\" content=\"https:\/\/comunicaciones.udd.cl\/ceca\/mision-y-vision\/\" \/>\n<meta property=\"og:site_name\" content=\"CECA - Facultad de Comunicaciones UDD\" \/>\n<meta property=\"article:modified_time\" content=\"2025-04-09T19:58:21+00:00\" \/>\n<meta property=\"og:image\" content=\"https:\/\/comunicaciones.udd.cl\/ceca\/files\/2025\/04\/pexels-cottonbro-6209558-edited-scaled.jpg\" \/>\n<meta name=\"twitter:card\" content=\"summary_large_image\" \/>\n<meta name=\"twitter:label1\" content=\"Tiempo de lectura\" \/>\n\t<meta name=\"twitter:data1\" content=\"1 minuto\" \/>\n<script type=\"application\/ld+json\" class=\"yoast-schema-graph\">{\"@context\":\"https:\/\/schema.org\",\"@graph\":[{\"@type\":\"WebPage\",\"@id\":\"https:\/\/comunicaciones.udd.cl\/ceca\/mision-y-vision\/\",\"url\":\"https:\/\/comunicaciones.udd.cl\/ceca\/mision-y-vision\/\",\"name\":\"Misi\u00f3n y Visi\u00f3n - CECA - Facultad de Comunicaciones UDD\",\"isPartOf\":{\"@id\":\"https:\/\/comunicaciones.udd.cl\/ceca\/#website\"},\"primaryImageOfPage\":{\"@id\":\"https:\/\/comunicaciones.udd.cl\/ceca\/mision-y-vision\/#primaryimage\"},\"image\":{\"@id\":\"https:\/\/comunicaciones.udd.cl\/ceca\/mision-y-vision\/#primaryimage\"},\"thumbnailUrl\":\"https:\/\/comunicaciones.udd.cl\/ceca\/files\/2025\/04\/pexels-cottonbro-6209558-edited-scaled.jpg\",\"datePublished\":\"2025-02-24T13:24:23+00:00\",\"dateModified\":\"2025-04-09T19:58:21+00:00\",\"breadcrumb\":{\"@id\":\"https:\/\/comunicaciones.udd.cl\/ceca\/mision-y-vision\/#breadcrumb\"},\"inLanguage\":\"es\",\"potentialAction\":[{\"@type\":\"ReadAction\",\"target\":[\"https:\/\/comunicaciones.udd.cl\/ceca\/mision-y-vision\/\"]}]},{\"@type\":\"ImageObject\",\"inLanguage\":\"es\",\"@id\":\"https:\/\/comunicaciones.udd.cl\/ceca\/mision-y-vision\/#primaryimage\",\"url\":\"https:\/\/comunicaciones.udd.cl\/ceca\/files\/2025\/04\/pexels-cottonbro-6209558-edited-scaled.jpg\",\"contentUrl\":\"https:\/\/comunicaciones.udd.cl\/ceca\/files\/2025\/04\/pexels-cottonbro-6209558-edited-scaled.jpg\",\"width\":2560,\"height\":1921},{\"@type\":\"BreadcrumbList\",\"@id\":\"https:\/\/comunicaciones.udd.cl\/ceca\/mision-y-vision\/#breadcrumb\",\"itemListElement\":[{\"@type\":\"ListItem\",\"position\":1,\"name\":\"Portada\",\"item\":\"https:\/\/comunicaciones.udd.cl\/ceca\/\"},{\"@type\":\"ListItem\",\"position\":2,\"name\":\"Misi\u00f3n y Visi\u00f3n\"}]},{\"@type\":\"WebSite\",\"@id\":\"https:\/\/comunicaciones.udd.cl\/ceca\/#website\",\"url\":\"https:\/\/comunicaciones.udd.cl\/ceca\/\",\"name\":\"CECA - Facultad de Comunicaciones UDD\",\"description\":\"\",\"inLanguage\":\"es\"}]}<\/script>\n<!-- \/ Yoast SEO plugin. -->","yoast_head_json":{"title":"Misi\u00f3n y Visi\u00f3n - CECA - Facultad de Comunicaciones UDD","robots":{"index":"index","follow":"follow","max-snippet":"max-snippet:-1","max-image-preview":"max-image-preview:large","max-video-preview":"max-video-preview:-1"},"canonical":"https:\/\/comunicaciones.udd.cl\/ceca\/mision-y-vision\/","og_locale":"es_ES","og_type":"article","og_title":"Misi\u00f3n y Visi\u00f3n - CECA - Facultad de Comunicaciones UDD","og_description":"El Centro de Estudios de Comunicaci\u00f3n Aplicada CECA tiene como misi\u00f3n incentivar la colaboraci\u00f3n, calidad y visibilidad de la investigaci\u00f3n acad\u00e9mica en estudios de comunicaci\u00f3n aplicada y contribuir al impacto de proyectos con transferencia en relaci\u00f3n a la del ecosistema medi\u00e1tico, as\u00ed como los desaf\u00edos \u00e9ticos, usos de los datos, contribuci\u00f3n de los bienes p\u00fablicos [&hellip;]","og_url":"https:\/\/comunicaciones.udd.cl\/ceca\/mision-y-vision\/","og_site_name":"CECA - Facultad de Comunicaciones UDD","article_modified_time":"2025-04-09T19:58:21+00:00","og_image":[{"url":"https:\/\/comunicaciones.udd.cl\/ceca\/files\/2025\/04\/pexels-cottonbro-6209558-edited-scaled.jpg","type":"","width":"","height":""}],"twitter_card":"summary_large_image","twitter_misc":{"Tiempo de lectura":"1 minuto"},"schema":{"@context":"https:\/\/schema.org","@graph":[{"@type":"WebPage","@id":"https:\/\/comunicaciones.udd.cl\/ceca\/mision-y-vision\/","url":"https:\/\/comunicaciones.udd.cl\/ceca\/mision-y-vision\/","name":"Misi\u00f3n y Visi\u00f3n - CECA - Facultad de Comunicaciones UDD","isPartOf":{"@id":"https:\/\/comunicaciones.udd.cl\/ceca\/#website"},"primaryImageOfPage":{"@id":"https:\/\/comunicaciones.udd.cl\/ceca\/mision-y-vision\/#primaryimage"},"image":{"@id":"https:\/\/comunicaciones.udd.cl\/ceca\/mision-y-vision\/#primaryimage"},"thumbnailUrl":"https:\/\/comunicaciones.udd.cl\/ceca\/files\/2025\/04\/pexels-cottonbro-6209558-edited-scaled.jpg","datePublished":"2025-02-24T13:24:23+00:00","dateModified":"2025-04-09T19:58:21+00:00","breadcrumb":{"@id":"https:\/\/comunicaciones.udd.cl\/ceca\/mision-y-vision\/#breadcrumb"},"inLanguage":"es","potentialAction":[{"@type":"ReadAction","target":["https:\/\/comunicaciones.udd.cl\/ceca\/mision-y-vision\/"]}]},{"@type":"ImageObject","inLanguage":"es","@id":"https:\/\/comunicaciones.udd.cl\/ceca\/mision-y-vision\/#primaryimage","url":"https:\/\/comunicaciones.udd.cl\/ceca\/files\/2025\/04\/pexels-cottonbro-6209558-edited-scaled.jpg","contentUrl":"https:\/\/comunicaciones.udd.cl\/ceca\/files\/2025\/04\/pexels-cottonbro-6209558-edited-scaled.jpg","width":2560,"height":1921},{"@type":"BreadcrumbList","@id":"https:\/\/comunicaciones.udd.cl\/ceca\/mision-y-vision\/#breadcrumb","itemListElement":[{"@type":"ListItem","position":1,"name":"Portada","item":"https:\/\/comunicaciones.udd.cl\/ceca\/"},{"@type":"ListItem","position":2,"name":"Misi\u00f3n y Visi\u00f3n"}]},{"@type":"WebSite","@id":"https:\/\/comunicaciones.udd.cl\/ceca\/#website","url":"https:\/\/comunicaciones.udd.cl\/ceca\/","name":"CECA - Facultad de Comunicaciones UDD","description":"","inLanguage":"es"}]}},"_links":{"self":[{"href":"https:\/\/comunicaciones.udd.cl\/ceca\/wp-json\/wp\/v2\/pages\/22","targetHints":{"allow":["GET"]}}],"collection":[{"href":"https:\/\/comunicaciones.udd.cl\/ceca\/wp-json\/wp\/v2\/pages"}],"about":[{"href":"https:\/\/comunicaciones.udd.cl\/ceca\/wp-json\/wp\/v2\/types\/page"}],"author":[{"embeddable":true,"href":"https:\/\/comunicaciones.udd.cl\/ceca\/wp-json\/wp\/v2\/users\/21"}],"replies":[{"embeddable":true,"href":"https:\/\/comunicaciones.udd.cl\/ceca\/wp-json\/wp\/v2\/comments?post=22"}],"version-history":[{"count":7,"href":"https:\/\/comunicaciones.udd.cl\/ceca\/wp-json\/wp\/v2\/pages\/22\/revisions"}],"predecessor-version":[{"id":327,"href":"https:\/\/comunicaciones.udd.cl\/ceca\/wp-json\/wp\/v2\/pages\/22\/revisions\/327"}],"wp:attachment":[{"href":"https:\/\/comunicaciones.udd.cl\/ceca\/wp-json\/wp\/v2\/media?parent=22"}],"curies":[{"name":"wp","href":"https:\/\/api.w.org\/{rel}","templated":true}]}}