{"id":15,"date":"2025-02-24T10:17:55","date_gmt":"2025-02-24T13:17:55","guid":{"rendered":"https:\/\/comunicaciones.udd.cl\/ceca\/?page_id=15"},"modified":"2025-02-26T12:38:09","modified_gmt":"2025-02-26T15:38:09","slug":"comunicacion-aplicada","status":"publish","type":"page","link":"https:\/\/comunicaciones.udd.cl\/ceca\/comunicacion-aplicada\/","title":{"rendered":"Comunicaci\u00f3n Aplicada"},"content":{"rendered":"\n<figure class=\"wp-block-image alignright size-large is-resized\"><img loading=\"lazy\" decoding=\"async\" width=\"1024\" height=\"683\" src=\"https:\/\/comunicaciones.udd.cl\/ceca\/files\/2025\/02\/pexels-diva-plavalaguna-6147363-1-1024x683.jpg\" alt=\"\" class=\"wp-image-76\" style=\"width:364px;height:auto\" srcset=\"https:\/\/comunicaciones.udd.cl\/ceca\/files\/2025\/02\/pexels-diva-plavalaguna-6147363-1-1024x683.jpg 1024w, https:\/\/comunicaciones.udd.cl\/ceca\/files\/2025\/02\/pexels-diva-plavalaguna-6147363-1-300x200.jpg 300w, https:\/\/comunicaciones.udd.cl\/ceca\/files\/2025\/02\/pexels-diva-plavalaguna-6147363-1-768x512.jpg 768w, https:\/\/comunicaciones.udd.cl\/ceca\/files\/2025\/02\/pexels-diva-plavalaguna-6147363-1-1536x1024.jpg 1536w, https:\/\/comunicaciones.udd.cl\/ceca\/files\/2025\/02\/pexels-diva-plavalaguna-6147363-1-2048x1365.jpg 2048w\" sizes=\"auto, (max-width: 1024px) 100vw, 1024px\" \/><\/figure>\n\n\n\n<p>La Comunicaci\u00f3n Aplicada implica la exploraci\u00f3n exhaustiva de un problema o situaci\u00f3n espec\u00edficos de comunicaci\u00f3n o bien contribuye con resultados de investigaci\u00f3n que son aplicables en el corto o en el largo plazo, a diversas situaciones sociales. La investigaci\u00f3n aplicada hace de la comunicaci\u00f3n un saber experto al que acuden las instituciones en busca de asesoramiento, sobre todo, en contexto de incertidumbre y crisis, cuando son conscientes de la complejidad del problema.\u00a0<\/p>\n\n\n\n<p>La transferencia del conocimiento experto es un tema recurrente en la discusi\u00f3n acad\u00e9mica en comunicaci\u00f3n y una preocupaci\u00f3n vocacional de muchos acad\u00e9micos. Cuesti\u00f3n a la que se le han buscado distintas salidas, por ejemplo: algunos acad\u00e9micos de comunicaci\u00f3n son asesores de directorios y est\u00e1n a cargo de departamentos o direcciones de comunicaci\u00f3n, otros asesoran en los diferentes campos pol\u00edticos y cooperan en el dise\u00f1o, implementaci\u00f3n y evaluaci\u00f3n de campa\u00f1as de bien p\u00fablico, otros capacitan a profesionales de los medios o de diversas industrias, entre otras formas de intervenci\u00f3n.<\/p>\n","protected":false},"excerpt":{"rendered":"<p>La Comunicaci\u00f3n Aplicada implica la exploraci\u00f3n exhaustiva de un problema o situaci\u00f3n espec\u00edficos de comunicaci\u00f3n o bien contribuye con resultados de investigaci\u00f3n que son aplicables en el corto o en el largo plazo, a diversas situaciones sociales. La investigaci\u00f3n aplicada hace de la comunicaci\u00f3n un saber experto al que acuden las instituciones en busca de [&hellip;]<\/p>\n","protected":false},"author":21,"featured_media":0,"parent":0,"menu_order":0,"comment_status":"closed","ping_status":"closed","template":"","meta":{"footnotes":""},"class_list":["post-15","page","type-page","status-publish","hentry"],"yoast_head":"<!-- This site is optimized with the Yoast SEO plugin v26.9 - https:\/\/yoast.com\/product\/yoast-seo-wordpress\/ -->\n<title>Comunicaci\u00f3n Aplicada - CECA - Facultad de Comunicaciones UDD<\/title>\n<meta name=\"robots\" content=\"index, follow, max-snippet:-1, max-image-preview:large, max-video-preview:-1\" \/>\n<link rel=\"canonical\" href=\"https:\/\/comunicaciones.udd.cl\/ceca\/comunicacion-aplicada\/\" \/>\n<meta property=\"og:locale\" content=\"es_ES\" \/>\n<meta property=\"og:type\" content=\"article\" \/>\n<meta property=\"og:title\" content=\"Comunicaci\u00f3n Aplicada - CECA - Facultad de Comunicaciones UDD\" \/>\n<meta property=\"og:description\" content=\"La Comunicaci\u00f3n Aplicada implica la exploraci\u00f3n exhaustiva de un problema o situaci\u00f3n espec\u00edficos de comunicaci\u00f3n o bien contribuye con resultados de investigaci\u00f3n que son aplicables en el corto o en el largo plazo, a diversas situaciones sociales. La investigaci\u00f3n aplicada hace de la comunicaci\u00f3n un saber experto al que acuden las instituciones en busca de [&hellip;]\" \/>\n<meta property=\"og:url\" content=\"https:\/\/comunicaciones.udd.cl\/ceca\/comunicacion-aplicada\/\" \/>\n<meta property=\"og:site_name\" content=\"CECA - Facultad de Comunicaciones UDD\" \/>\n<meta property=\"article:modified_time\" content=\"2025-02-26T15:38:09+00:00\" \/>\n<meta property=\"og:image\" content=\"https:\/\/comunicaciones.udd.cl\/ceca\/files\/2025\/02\/pexels-diva-plavalaguna-6147363-1-1024x683.jpg\" \/>\n<meta name=\"twitter:card\" content=\"summary_large_image\" \/>\n<meta name=\"twitter:label1\" content=\"Tiempo de lectura\" \/>\n\t<meta name=\"twitter:data1\" content=\"1 minuto\" \/>\n<script type=\"application\/ld+json\" class=\"yoast-schema-graph\">{\"@context\":\"https:\/\/schema.org\",\"@graph\":[{\"@type\":\"WebPage\",\"@id\":\"https:\/\/comunicaciones.udd.cl\/ceca\/comunicacion-aplicada\/\",\"url\":\"https:\/\/comunicaciones.udd.cl\/ceca\/comunicacion-aplicada\/\",\"name\":\"Comunicaci\u00f3n Aplicada - CECA - Facultad de Comunicaciones UDD\",\"isPartOf\":{\"@id\":\"https:\/\/comunicaciones.udd.cl\/ceca\/#website\"},\"primaryImageOfPage\":{\"@id\":\"https:\/\/comunicaciones.udd.cl\/ceca\/comunicacion-aplicada\/#primaryimage\"},\"image\":{\"@id\":\"https:\/\/comunicaciones.udd.cl\/ceca\/comunicacion-aplicada\/#primaryimage\"},\"thumbnailUrl\":\"https:\/\/comunicaciones.udd.cl\/ceca\/files\/2025\/02\/pexels-diva-plavalaguna-6147363-1-1024x683.jpg\",\"datePublished\":\"2025-02-24T13:17:55+00:00\",\"dateModified\":\"2025-02-26T15:38:09+00:00\",\"breadcrumb\":{\"@id\":\"https:\/\/comunicaciones.udd.cl\/ceca\/comunicacion-aplicada\/#breadcrumb\"},\"inLanguage\":\"es\",\"potentialAction\":[{\"@type\":\"ReadAction\",\"target\":[\"https:\/\/comunicaciones.udd.cl\/ceca\/comunicacion-aplicada\/\"]}]},{\"@type\":\"ImageObject\",\"inLanguage\":\"es\",\"@id\":\"https:\/\/comunicaciones.udd.cl\/ceca\/comunicacion-aplicada\/#primaryimage\",\"url\":\"https:\/\/comunicaciones.udd.cl\/ceca\/files\/2025\/02\/pexels-diva-plavalaguna-6147363-1-scaled.jpg\",\"contentUrl\":\"https:\/\/comunicaciones.udd.cl\/ceca\/files\/2025\/02\/pexels-diva-plavalaguna-6147363-1-scaled.jpg\",\"width\":2560,\"height\":1707},{\"@type\":\"BreadcrumbList\",\"@id\":\"https:\/\/comunicaciones.udd.cl\/ceca\/comunicacion-aplicada\/#breadcrumb\",\"itemListElement\":[{\"@type\":\"ListItem\",\"position\":1,\"name\":\"Portada\",\"item\":\"https:\/\/comunicaciones.udd.cl\/ceca\/\"},{\"@type\":\"ListItem\",\"position\":2,\"name\":\"Comunicaci\u00f3n Aplicada\"}]},{\"@type\":\"WebSite\",\"@id\":\"https:\/\/comunicaciones.udd.cl\/ceca\/#website\",\"url\":\"https:\/\/comunicaciones.udd.cl\/ceca\/\",\"name\":\"CECA - Facultad de Comunicaciones UDD\",\"description\":\"\",\"inLanguage\":\"es\"}]}<\/script>\n<!-- \/ Yoast SEO plugin. -->","yoast_head_json":{"title":"Comunicaci\u00f3n Aplicada - CECA - Facultad de Comunicaciones UDD","robots":{"index":"index","follow":"follow","max-snippet":"max-snippet:-1","max-image-preview":"max-image-preview:large","max-video-preview":"max-video-preview:-1"},"canonical":"https:\/\/comunicaciones.udd.cl\/ceca\/comunicacion-aplicada\/","og_locale":"es_ES","og_type":"article","og_title":"Comunicaci\u00f3n Aplicada - CECA - Facultad de Comunicaciones UDD","og_description":"La Comunicaci\u00f3n Aplicada implica la exploraci\u00f3n exhaustiva de un problema o situaci\u00f3n espec\u00edficos de comunicaci\u00f3n o bien contribuye con resultados de investigaci\u00f3n que son aplicables en el corto o en el largo plazo, a diversas situaciones sociales. La investigaci\u00f3n aplicada hace de la comunicaci\u00f3n un saber experto al que acuden las instituciones en busca de [&hellip;]","og_url":"https:\/\/comunicaciones.udd.cl\/ceca\/comunicacion-aplicada\/","og_site_name":"CECA - Facultad de Comunicaciones UDD","article_modified_time":"2025-02-26T15:38:09+00:00","og_image":[{"url":"https:\/\/comunicaciones.udd.cl\/ceca\/files\/2025\/02\/pexels-diva-plavalaguna-6147363-1-1024x683.jpg","type":"","width":"","height":""}],"twitter_card":"summary_large_image","twitter_misc":{"Tiempo de lectura":"1 minuto"},"schema":{"@context":"https:\/\/schema.org","@graph":[{"@type":"WebPage","@id":"https:\/\/comunicaciones.udd.cl\/ceca\/comunicacion-aplicada\/","url":"https:\/\/comunicaciones.udd.cl\/ceca\/comunicacion-aplicada\/","name":"Comunicaci\u00f3n Aplicada - CECA - Facultad de Comunicaciones UDD","isPartOf":{"@id":"https:\/\/comunicaciones.udd.cl\/ceca\/#website"},"primaryImageOfPage":{"@id":"https:\/\/comunicaciones.udd.cl\/ceca\/comunicacion-aplicada\/#primaryimage"},"image":{"@id":"https:\/\/comunicaciones.udd.cl\/ceca\/comunicacion-aplicada\/#primaryimage"},"thumbnailUrl":"https:\/\/comunicaciones.udd.cl\/ceca\/files\/2025\/02\/pexels-diva-plavalaguna-6147363-1-1024x683.jpg","datePublished":"2025-02-24T13:17:55+00:00","dateModified":"2025-02-26T15:38:09+00:00","breadcrumb":{"@id":"https:\/\/comunicaciones.udd.cl\/ceca\/comunicacion-aplicada\/#breadcrumb"},"inLanguage":"es","potentialAction":[{"@type":"ReadAction","target":["https:\/\/comunicaciones.udd.cl\/ceca\/comunicacion-aplicada\/"]}]},{"@type":"ImageObject","inLanguage":"es","@id":"https:\/\/comunicaciones.udd.cl\/ceca\/comunicacion-aplicada\/#primaryimage","url":"https:\/\/comunicaciones.udd.cl\/ceca\/files\/2025\/02\/pexels-diva-plavalaguna-6147363-1-scaled.jpg","contentUrl":"https:\/\/comunicaciones.udd.cl\/ceca\/files\/2025\/02\/pexels-diva-plavalaguna-6147363-1-scaled.jpg","width":2560,"height":1707},{"@type":"BreadcrumbList","@id":"https:\/\/comunicaciones.udd.cl\/ceca\/comunicacion-aplicada\/#breadcrumb","itemListElement":[{"@type":"ListItem","position":1,"name":"Portada","item":"https:\/\/comunicaciones.udd.cl\/ceca\/"},{"@type":"ListItem","position":2,"name":"Comunicaci\u00f3n Aplicada"}]},{"@type":"WebSite","@id":"https:\/\/comunicaciones.udd.cl\/ceca\/#website","url":"https:\/\/comunicaciones.udd.cl\/ceca\/","name":"CECA - Facultad de Comunicaciones UDD","description":"","inLanguage":"es"}]}},"_links":{"self":[{"href":"https:\/\/comunicaciones.udd.cl\/ceca\/wp-json\/wp\/v2\/pages\/15","targetHints":{"allow":["GET"]}}],"collection":[{"href":"https:\/\/comunicaciones.udd.cl\/ceca\/wp-json\/wp\/v2\/pages"}],"about":[{"href":"https:\/\/comunicaciones.udd.cl\/ceca\/wp-json\/wp\/v2\/types\/page"}],"author":[{"embeddable":true,"href":"https:\/\/comunicaciones.udd.cl\/ceca\/wp-json\/wp\/v2\/users\/21"}],"replies":[{"embeddable":true,"href":"https:\/\/comunicaciones.udd.cl\/ceca\/wp-json\/wp\/v2\/comments?post=15"}],"version-history":[{"count":7,"href":"https:\/\/comunicaciones.udd.cl\/ceca\/wp-json\/wp\/v2\/pages\/15\/revisions"}],"predecessor-version":[{"id":81,"href":"https:\/\/comunicaciones.udd.cl\/ceca\/wp-json\/wp\/v2\/pages\/15\/revisions\/81"}],"wp:attachment":[{"href":"https:\/\/comunicaciones.udd.cl\/ceca\/wp-json\/wp\/v2\/media?parent=15"}],"curies":[{"name":"wp","href":"https:\/\/api.w.org\/{rel}","templated":true}]}}